reatest common factor of f and 8.
8
Let v(s) = s**3 + 4*s**2 - s + 1. Let i be v(-4). Suppose 4*p + 18 - 46 = 0. Suppose p*b - 3*b = 4. Calculate the greatest common divisor of i and b.
1
Suppose 5*d = 6*d - 4, h + d - 6 = 0. Let l be 1 - (2 + (-38)/h). Let k be (-1 + 3)/(4/6). What is the highest common factor of k and l?
3
Suppose 0 = 3*o + 9, 0 = -2*n - o + 1 + 150. Let i be 0 - (-4)/(16/44). Suppose -j + 0*j = -i. Calculate the highest common factor of j and n.
11
Let t(f) = 5*f**3 + 4*f**2 - 3*f - 2. Let q be t(2). Calculate the highest common factor of q and 240.
48
Let k be 6*(-4 - (-335)/15). Let b be ((-6)/(-4))/(1/16). Let d be 2/5*(1 + b). What is the highest common divisor of d and k?
10
Suppose 1333 + 267 = 8*g. Calculate the highest common factor of g and 20.
20
Let m(h) = -h**2 - 2*h + 8. Let v be m(0). Calculate the highest common divisor of v and 88.
8
Suppose 4*a = 97 + 199. Calculate the highest common factor of a and 37.
37
Suppose 0 = -4*p - 3*j + 371, p - 106 = -4*j - 23. Let n = -50 + p. Calculate the greatest common divisor of 18 and n.
9
Suppose 32 = 4*c - 2*n, 0*c - n + 29 = 3*c. What is the highest common divisor of c and 36?
9
Let f = -46 + 124. Let a = f - 38. Let n(o) = o**3 - 8*o**2 + 7*o + 8. Let u be n(7). Calculate the greatest common divisor of a and u.
8
Let z(p) = 2*p**3 - 3*p**2 + 2*p - 3. Let g be 4 + -1 + (-1 - 0). Let u be (0 + g)/(1 - 0). Let x be z(u). What is the highest common divisor of x and 1?
1
Let b = 9 - 6. Let p(h) = -25*h. Let n(i) = 25*i. Let w(r) = -2*n(r) - 3*p(r). Let x be w(b). Calculate the highest common divisor of 15 and x.
15
Let s be -1 - -4 - (-1 - 0). Suppose b - 7 = -s. Suppose 0 = -b*w + 3*o + 21, 0 = -w - 3*w - 3*o + 21. Calculate the greatest common factor of 2 and w.
2
Suppose -115 = -4*f - f + y, y + 43 = 2*f. Suppose -850 = -7*m - 178. What is the greatest common divisor of m and f?
24
Let p be 2 - (-2 + 4) - 8. Let x = -5 - p. Suppose x*w + 110 = 8*w. Calculate the highest common factor of 33 and w.
11
Let a = 214 - 128. Suppose -5*y + 19 = -a. What is the highest common factor of 231 and y?
21
Let x = 18 - 13. What is the highest common divisor of 85 and x?
5
Suppose -4*z = -g, -2*g + 7*g - 4*z - 16 = 0. What is the highest common factor of 8 and g?
4
Let y be -4*(-4 + 33/12). Suppose t = y*t - 4. Calculate the highest common factor of 5 and t.
1
Let k(u) = 9*u - 12. Suppose 4*a = 8*a - 52. Let n be k(a). What is the greatest common factor of 42 and n?
21
Let k = 397 + -216. Suppose -469 + k = -4*a. Let w = -18 - -26. Calculate the greatest common divisor of a and w.
8
Let c(s) = s + 2*s**2 + 4*s - 4*s - 2*s. Let u be c(-1). Suppose -u*l - 152 = -5*l. Calculate the highest common divisor of l and 19.
19
Let s(o) = 3*o + 11. Let k be s(-9). Let t = k + 44. Let m = t - 16. Calculate the greatest common divisor of 8 and m.
4
Suppose -260 = -5*d + 2*k, -3*k + 15 = -0*k. What is the greatest common divisor of 6 and d?
6
Let n(c) = c**2 - 2*c - 2. Let h be ((-70)/21)/(4/(-6)). Let t be n(h). What is the highest common divisor of 13 and t?
13
Let x(c) = c**3 + 2*c**2 + 126. Let j be x(0). What is the greatest common divisor of 14 and j?
14
Let t(d) = -7*d - 4. Let o be t(-12). What is the highest common divisor of 10 and o?
10
Let o = -46 - -56. Calculate the greatest common factor of 5 and o.
5
Let t(q) = -q**2 + 14*q + 3. Let w be t(13). What is the highest common factor of w and 4?
4
Let k = -83 - -95. Calculate the greatest common divisor of 6 and k.
6
Let v be (-1396)/(-10) - (-22)/55. Calculate the greatest common factor of 35 and v.
35
Let f(m) = -m - 10. Let n be f(-8). Let z be n*(0 - 1) - -22. Let i be (-35 - -3)/((-2)/12). What is the greatest common divisor of i and z?
24
Let f(x) = x. Let q be f(7). Let v(k) = 3*k - 10. Let u be v(q). Let g be (-8)/(0 - 2) + 51. What is the greatest common divisor of u and g?
11
Let x(t) = 2*t - 5. Let c be x(7). Let w be c - (3 + 0 + -2). Calculate the greatest common divisor of w and 88.
8
Let s = -6 + -25. Let k = s - -44. Calculate the greatest common divisor of k and 13.
13
Let q = -239 + 249. Suppose -3*m = 2*f - 11, 2*f - 7*f = m - 47. What is the highest common factor of q and f?
10
Suppose 5*u = w + 6 + 3, 4*w = 4*u - 20. Suppose -2*x + 0*x + 4 = 0. Let a be (-6)/(-4) - 1/x. What is the greatest common factor of a and u?
1
Suppose -3*k = 3*n - 105, -25 = 3*k - n - 142. Calculate the highest common factor of k and 114.
38
Let h(f) be the third derivative of -f**6/120 - f**5/6 - f**4/12 - 5*f**3/3 - 4*f**2. Let s be h(-10). Calculate the highest common factor of s and 110.
10
Suppose 0 = -0*n + 3*n - 54. Calculate the greatest common divisor of n and 3.
3
Let c be (2 - -12)/((5/2)/5). Calculate the highest common factor of 7 and c.
7
Let z(j) = 3 - 2*j - 5 - 2*j. Suppose 27 = -8*r + 3*r + 2*g, -5*r - 24 = g. Let h be z(r). Calculate the highest common factor of h and 54.
18
Let r = 50 + -38. Calculate the greatest common divisor of 6 and r.
6
Let t be 1 + (-2 - (-3 + -2)). Suppose 3*v + 4*j - 25 = 2*v, -155 = -t*v - 5*j. Calculate the greatest common divisor of v and 5.
5
Let j(v) = -4*v - 20. Let r be j(-9). What is the highest common divisor of 2 and r?
2
Let s = 67 - 43. Calculate the highest common factor of 16 and s.
8
Let m(g) = g**2 + 32. Let a be m(0). Suppose -v + a = -48. Calculate the highest common divisor of 10 and v.
10
Suppose -4*x + 9*x - 150 = 0. Calculate the highest common factor of x and 75.
15
Let v(g) = g + 1. Let p be v(6). Let f(n) = -n**2 + 6*n - 7. Let t be f(6). Let k = 42 - t. What is the greatest common divisor of k and p?
7
Let j = 19 - 11. Let l be (-12)/j*64/(-6). Calculate the highest common factor of l and 2.
2
Let c = 48 + 60. Let f be 1*44/((-2)/(-2)). Suppose 2*m + f = 3*y, -5*m = 3*y - 0*y - 16. Calculate the greatest common divisor of c and y.
12
Suppose -4*y - 3*x = 3, -3*x = -2*y - 1 + 22. Calculate the greatest common factor of 3 and y.
3
Let u be 892/20 + (-2)/(-5). Suppose 10 = 5*r + 3*w - 9, -r + 13 = -4*w. Calculate the highest common factor of u and r.
5
Let z be (340/(-25))/((-6)/15). Calculate the highest common factor of 17 and z.
17
Let n(b) = -b**2 - 15*b - 13. Let j be n(-14). Let s(v) = -6*v - 1. Let u be s(-1). Calculate the highest common factor of u and j.
1
Suppose w - 7*w = -120. Let c be (40/6)/(14/21). What is the highest common divisor of w and c?
10
Suppose -j + 8 = x - 0*j, -x + 3*j = 4. What is the highest common divisor of x and 5?
5
Let l(j) = -j**3 - 14*j**2 - 12*j + 4. Let c be l(-13). Let p(u) = -u + 3. Let y be p(4). Let d = y - c. Calculate the highest common factor of 16 and d.
8
Let f(n) = 2*n + 12. Let y be f(-5). What is the highest common factor of y and 7?
1
Let s(n) = n + 13. Let c be s(-9). Suppose 4*p = -c*j - 8, -5*j + 5*p = 9*p + 7. Suppose -j = 5*y - 26. What is the greatest common divisor of 45 and y?
5
Suppose -3*t + 4*t - 24 = -q, 5*t - 5*q = 80. Let f = 28 - t. What is the greatest common divisor of 2 and f?
2
Let c be (4/3)/(5/15). Let s be c/(4*(-2)/(-28)). Suppose 5*o - s = 3*o. Calculate the greatest common divisor of 77 and o.
7
Let t = 10 + -5. Let x be 1*(0 - -1) + 24. What is the highest common factor of t and x?
5
Let u = -11 + 19. Suppose 4*b = -5*w + 376, 2*w + 3*b - 124 = u*b. Calculate the highest common factor of w and 9.
9
Suppose 0 = 3*j - y - 199, -5*y = j - 6*y - 67. Suppose -2*n + 11 = a, -5*a = -2*n + n - 55. What is the highest common divisor of j and a?
11
Let n(m) = -3*m + 6. Let x be n(4). Let v be (-3)/x*20 + 1. Suppose -3*f + v = -7. What is the highest common factor of f and 3?
3
Suppose 5 = -a + 6*a. Let t be 0 + (-1)/(a/1). Let k = t - -2. What is the greatest common divisor of 1 and k?
1
Suppose v - 3 = -0*v. Let n be 2/(v/120*2). What is the highest common divisor of 20 and n?
20
Let f = -187 + 193. Calculate the highest common factor of 246 and f.
6
Let s(o) = o. Let i be s(2). Let v = i + 0. Suppose -v*f = -2*k + 30, 45 = 2*k + 3*k + f. Calculate the greatest common divisor of k and 40.
10
Let j = 1 + 2. Suppose j*x - 110 = -2*x. Calculate the greatest common factor of 2 and x.
2
Let y(g) = 5*g + 1. Let a be y(-1). Let d be 10/4*(a - -2). Let s(p) = -p**2 - 5*p + 6. Let m be s(d). Calculate the greate